{"id":22606,"date":"2024-12-10T02:13:55","date_gmt":"2024-12-10T10:13:55","guid":{"rendered":"https:\/\/www.opalco.com\/?post_type=tribe_events&#038;p=22606"},"modified":"2024-12-10T07:30:32","modified_gmt":"2024-12-10T15:30:32","slug":"12-10-interrupcion-no-planificada-isla-san-juan","status":"publish","type":"tribe_events","link":"https:\/\/www.opalco.com\/es\/evento\/12-10-interrupcion-no-planificada-isla-san-juan\/","title":{"rendered":"12\/10 Interrupci\u00f3n no planificada \u2013 Isla San Juan"},"content":{"rendered":"<p>ACTUALIZACI\u00d3N DEL 10\/12 a las 7:20 am: El equipo ha trabajado para restablecer todos los medidores, excepto 11, en este corte. Hubo una falla en el cable subterr\u00e1neo que fue reparada. Continuar\u00e1n hasta que se restablezcan todos los medidores.<\/p>\n<p><span style=\"font-size: 20px;\">6:15 am: Los equipos est\u00e1n en el lugar evaluando el problema y solucion\u00e1ndolo. A\u00fan no hay un tiempo estimado de restauraci\u00f3n. Est\u00e9n atentos para m\u00e1s detalles.<\/span><\/p>\n<p>2:10 am: Actualmente hay un corte de energ\u00eda no planificado que afecta a los miembros de Friday Harbor. Se notific\u00f3 a la tripulaci\u00f3n y se est\u00e1 reuniendo. No hay un tiempo estimado de restauraci\u00f3n. Est\u00e9n atentos para recibir m\u00e1s actualizaciones a medida que lleguen.<\/p>","protected":false},"excerpt":{"rendered":"<p>ACTUALIZACI\u00d3N 10\/12 a las 7:20 am: El equipo ha trabajado para restaurar todos los medidores, excepto 11, en este corte de energ\u00eda. Hubo una falla en el cable subterr\u00e1neo que fue reparada. Continuar\u00e1n\u2026 <a class=\"co-blog_post--morelink\" href=\"https:\/\/www.opalco.com\/es\/evento\/12-10-interrupcion-no-planificada-isla-san-juan\/\" aria-label=\"Lea m\u00e1s sobre: Interrupci\u00f3n no planificada del 10\/12 en la isla de San Juan\">Leer m\u00e1s<\/a><\/p>","protected":false},"author":54,"featured_media":0,"template":"","meta":{"_acf_changed":false,"_searchwp_excluded":"","_tribe_events_status":"","_tribe_events_status_reason":"","_tribe_events_is_hybrid":"","_tribe_events_is_virtual":"","_tribe_events_virtual_video_source":"","_tribe_events_virtual_embed_video":"","_tribe_events_virtual_linked_button_text":"","_tribe_events_virtual_linked_button":"","_tribe_events_virtual_show_embed_at":"","_tribe_events_virtual_show_embed_to":[],"_tribe_events_virtual_show_on_event":"","_tribe_events_virtual_show_on_views":"","_tribe_events_virtual_url":"","footnotes":""},"tags":[],"tribe_events_cat":[632],"class_list":["post-22606","tribe_events","type-tribe_events","status-publish","hentry","tribe_events_cat-unplanned-outage","cat_unplanned-outage"],"acf":[],"yoast_head":"<!-- This site is optimized with the Yoast SEO plugin v27.2 - https:\/\/yoast.com\/product\/yoast-seo-wordpress\/ -->\n<title>12\/10 Unplanned Outage - San Juan Island - OPALCO<\/title>\n<meta name=\"robots\" content=\"index, follow, max-snippet:-1, max-image-preview:large, max-video-preview:-1\" \/>\n<link rel=\"canonical\" href=\"https:\/\/www.opalco.com\/es\/evento\/12-10-interrupcion-no-planificada-isla-san-juan\/\" \/>\n<meta property=\"og:locale\" content=\"es_ES\" \/>\n<meta property=\"og:type\" content=\"article\" \/>\n<meta property=\"og:title\" content=\"12\/10 Unplanned Outage - San Juan Island - OPALCO\" \/>\n<meta property=\"og:description\" content=\"12\/10 UPDATE at 7:20 am: The crew has worked to restore all but 11 meters on this outage. There was an underground cable failure that was repaired. They will continue &hellip; Read more\" \/>\n<meta property=\"og:url\" content=\"https:\/\/www.opalco.com\/es\/evento\/12-10-interrupcion-no-planificada-isla-san-juan\/\" \/>\n<meta property=\"og:site_name\" content=\"OPALCO\" \/>\n<meta property=\"article:publisher\" content=\"https:\/\/www.facebook.com\/orcaspower\" \/>\n<meta property=\"article:modified_time\" content=\"2024-12-10T15:30:32+00:00\" \/>\n<meta name=\"twitter:card\" content=\"summary_large_image\" \/>\n<meta name=\"twitter:site\" content=\"@orcaspower\" \/>\n<meta name=\"twitter:label1\" content=\"Est. reading time\" \/>\n\t<meta name=\"twitter:data1\" content=\"1 minuto\" \/>\n<script type=\"application\/ld+json\" class=\"yoast-schema-graph\">{\"@context\":\"https:\/\/schema.org\",\"@graph\":[{\"@type\":\"WebPage\",\"@id\":\"https:\/\/www.opalco.com\/event\/12-10-unplanned-outage-san-juan-island\/\",\"url\":\"https:\/\/www.opalco.com\/event\/12-10-unplanned-outage-san-juan-island\/\",\"name\":\"12\/10 Unplanned Outage - San Juan Island - OPALCO\",\"isPartOf\":{\"@id\":\"https:\/\/www.opalco.com\/#website\"},\"datePublished\":\"2024-12-10T10:13:55+00:00\",\"dateModified\":\"2024-12-10T15:30:32+00:00\",\"breadcrumb\":{\"@id\":\"https:\/\/www.opalco.com\/event\/12-10-unplanned-outage-san-juan-island\/#breadcrumb\"},\"inLanguage\":\"es-ES\",\"potentialAction\":[{\"@type\":\"ReadAction\",\"target\":[\"https:\/\/www.opalco.com\/event\/12-10-unplanned-outage-san-juan-island\/\"]}]},{\"@type\":\"BreadcrumbList\",\"@id\":\"https:\/\/www.opalco.com\/event\/12-10-unplanned-outage-san-juan-island\/#breadcrumb\",\"itemListElement\":[{\"@type\":\"ListItem\",\"position\":1,\"name\":\"Home\",\"item\":\"https:\/\/www.opalco.com\/\"},{\"@type\":\"ListItem\",\"position\":2,\"name\":\"Events\",\"item\":\"https:\/\/www.opalco.com\/events\/\"},{\"@type\":\"ListItem\",\"position\":3,\"name\":\"12\/10 Unplanned Outage &#8211; San Juan Island\"}]},{\"@type\":\"WebSite\",\"@id\":\"https:\/\/www.opalco.com\/#website\",\"url\":\"https:\/\/www.opalco.com\/\",\"name\":\"OPALCO\",\"description\":\"Orcas Power &amp; Light Co-op\",\"publisher\":{\"@id\":\"https:\/\/www.opalco.com\/#organization\"},\"potentialAction\":[{\"@type\":\"SearchAction\",\"target\":{\"@type\":\"EntryPoint\",\"urlTemplate\":\"https:\/\/www.opalco.com\/?s={search_term_string}\"},\"query-input\":{\"@type\":\"PropertyValueSpecification\",\"valueRequired\":true,\"valueName\":\"search_term_string\"}}],\"inLanguage\":\"es-ES\"},{\"@type\":\"Organization\",\"@id\":\"https:\/\/www.opalco.com\/#organization\",\"name\":\"Orcas Power & Light Cooperative\",\"url\":\"https:\/\/www.opalco.com\/\",\"logo\":{\"@type\":\"ImageObject\",\"inLanguage\":\"es-ES\",\"@id\":\"https:\/\/www.opalco.com\/#\/schema\/logo\/image\/\",\"url\":\"https:\/\/www.opalco.com\/wp-content\/uploads\/2015\/10\/09-full-color-logo.jpg\",\"contentUrl\":\"https:\/\/www.opalco.com\/wp-content\/uploads\/2015\/10\/09-full-color-logo.jpg\",\"width\":788,\"height\":624,\"caption\":\"Orcas Power & Light Cooperative\"},\"image\":{\"@id\":\"https:\/\/www.opalco.com\/#\/schema\/logo\/image\/\"},\"sameAs\":[\"https:\/\/www.facebook.com\/orcaspower\",\"https:\/\/x.com\/orcaspower\"]}]}<\/script>\n<!-- \/ Yoast SEO plugin. -->","yoast_head_json":{"title":"12\/10 Interrupci\u00f3n no planificada - Isla San Juan - OPALCO","robots":{"index":"index","follow":"follow","max-snippet":"max-snippet:-1","max-image-preview":"max-image-preview:large","max-video-preview":"max-video-preview:-1"},"canonical":"https:\/\/www.opalco.com\/es\/evento\/12-10-interrupcion-no-planificada-isla-san-juan\/","og_locale":"es_ES","og_type":"article","og_title":"12\/10 Unplanned Outage - San Juan Island - OPALCO","og_description":"12\/10 UPDATE at 7:20 am: The crew has worked to restore all but 11 meters on this outage. There was an underground cable failure that was repaired. They will continue &hellip; Read more","og_url":"https:\/\/www.opalco.com\/es\/evento\/12-10-interrupcion-no-planificada-isla-san-juan\/","og_site_name":"OPALCO","article_publisher":"https:\/\/www.facebook.com\/orcaspower","article_modified_time":"2024-12-10T15:30:32+00:00","twitter_card":"summary_large_image","twitter_site":"@orcaspower","twitter_misc":{"Est. reading time":"1 minuto"},"schema":{"@context":"https:\/\/schema.org","@graph":[{"@type":"WebPage","@id":"https:\/\/www.opalco.com\/event\/12-10-unplanned-outage-san-juan-island\/","url":"https:\/\/www.opalco.com\/event\/12-10-unplanned-outage-san-juan-island\/","name":"12\/10 Interrupci\u00f3n no planificada - Isla San Juan - OPALCO","isPartOf":{"@id":"https:\/\/www.opalco.com\/#website"},"datePublished":"2024-12-10T10:13:55+00:00","dateModified":"2024-12-10T15:30:32+00:00","breadcrumb":{"@id":"https:\/\/www.opalco.com\/event\/12-10-unplanned-outage-san-juan-island\/#breadcrumb"},"inLanguage":"es-ES","potentialAction":[{"@type":"ReadAction","target":["https:\/\/www.opalco.com\/event\/12-10-unplanned-outage-san-juan-island\/"]}]},{"@type":"BreadcrumbList","@id":"https:\/\/www.opalco.com\/event\/12-10-unplanned-outage-san-juan-island\/#breadcrumb","itemListElement":[{"@type":"ListItem","position":1,"name":"Home","item":"https:\/\/www.opalco.com\/"},{"@type":"ListItem","position":2,"name":"Events","item":"https:\/\/www.opalco.com\/events\/"},{"@type":"ListItem","position":3,"name":"12\/10 Unplanned Outage &#8211; San Juan Island"}]},{"@type":"WebSite","@id":"https:\/\/www.opalco.com\/#website","url":"https:\/\/www.opalco.com\/","name":"OPALCO","description":"Cooperativa de energ\u00eda y luz Orcas","publisher":{"@id":"https:\/\/www.opalco.com\/#organization"},"potentialAction":[{"@type":"SearchAction","target":{"@type":"EntryPoint","urlTemplate":"https:\/\/www.opalco.com\/?s={search_term_string}"},"query-input":{"@type":"PropertyValueSpecification","valueRequired":true,"valueName":"search_term_string"}}],"inLanguage":"es-ES"},{"@type":"Organization","@id":"https:\/\/www.opalco.com\/#organization","name":"Cooperativa de energ\u00eda y luz Orcas","url":"https:\/\/www.opalco.com\/","logo":{"@type":"ImageObject","inLanguage":"es-ES","@id":"https:\/\/www.opalco.com\/#\/schema\/logo\/image\/","url":"https:\/\/www.opalco.com\/wp-content\/uploads\/2015\/10\/09-full-color-logo.jpg","contentUrl":"https:\/\/www.opalco.com\/wp-content\/uploads\/2015\/10\/09-full-color-logo.jpg","width":788,"height":624,"caption":"Orcas Power & Light Cooperative"},"image":{"@id":"https:\/\/www.opalco.com\/#\/schema\/logo\/image\/"},"sameAs":["https:\/\/www.facebook.com\/orcaspower","https:\/\/x.com\/orcaspower"]}]}},"_links":{"self":[{"href":"https:\/\/www.opalco.com\/es\/wp-json\/wp\/v2\/tribe_events\/22606","targetHints":{"allow":["GET"]}}],"collection":[{"href":"https:\/\/www.opalco.com\/es\/wp-json\/wp\/v2\/tribe_events"}],"about":[{"href":"https:\/\/www.opalco.com\/es\/wp-json\/wp\/v2\/types\/tribe_events"}],"author":[{"embeddable":true,"href":"https:\/\/www.opalco.com\/es\/wp-json\/wp\/v2\/users\/54"}],"version-history":[{"count":5,"href":"https:\/\/www.opalco.com\/es\/wp-json\/wp\/v2\/tribe_events\/22606\/revisions"}],"predecessor-version":[{"id":22611,"href":"https:\/\/www.opalco.com\/es\/wp-json\/wp\/v2\/tribe_events\/22606\/revisions\/22611"}],"wp:attachment":[{"href":"https:\/\/www.opalco.com\/es\/wp-json\/wp\/v2\/media?parent=22606"}],"wp:term":[{"taxonomy":"post_tag","embeddable":true,"href":"https:\/\/www.opalco.com\/es\/wp-json\/wp\/v2\/tags?post=22606"},{"taxonomy":"tribe_events_cat","embeddable":true,"href":"https:\/\/www.opalco.com\/es\/wp-json\/wp\/v2\/tribe_events_cat?post=22606"}],"curies":[{"name":"gracias","href":"https:\/\/api.w.org\/{rel}","templated":true}]}}

12/10 Interrupción no planificada – Isla San Juan

<p>ACTUALIZACIÓN DEL 10/12 a las 7:20 am: El equipo ha trabajado para restablecer todos los medidores, excepto 11, en este corte. Hubo una falla en el cable subterráneo que fue reparada. Continuarán hasta que se restablezcan todos los medidores.</p>
<p><span style="font-size: 20px;">6:15 am: Los equipos están en el lugar evaluando el problema y solucionándolo. Aún no hay un tiempo estimado de restauración. Estén atentos para más detalles.</span></p>
<p>2:10 am: Actualmente hay un corte de energía no planificado que afecta a los miembros de Friday Harbor. Se notificó a la tripulación y se está reuniendo. No hay un tiempo estimado de restauración. Estén atentos para recibir más actualizaciones a medida que lleguen.</p>

<p>ACTUALIZACIÓN 10/12 a las 7:20 am: El equipo ha trabajado para restaurar todos los medidores, excepto 11, en este corte de energía. Hubo una falla en el cable subterráneo que fue reparada. Continuarán… <a class="co-blog_post--morelink" href="https://www.opalco.com/es/evento/12-10-interrupcion-no-planificada-isla-san-juan/" aria-label="Lea más sobre: Interrupción no planificada del 10/12 en la isla de San Juan">Leer más</a></p>

12/10 Interrupción no planificada - Isla San Juan - OPALCO

Cooperativa de energía y luz Orcas
