{"id":22279,"date":"2024-10-26T06:37:49","date_gmt":"2024-10-26T13:37:49","guid":{"rendered":"https:\/\/www.opalco.com\/?post_type=tribe_events&#038;p=22279"},"modified":"2024-10-26T14:14:56","modified_gmt":"2024-10-26T21:14:56","slug":"10-26-corte-de-energia-en-la-isla-de-san-juan","status":"publish","type":"tribe_events","link":"https:\/\/www.opalco.com\/es\/evento\/10-26-corte-de-energia-en-la-isla-de-san-juan\/","title":{"rendered":"26\/10 Corte de luz en la isla de San Juan"},"content":{"rendered":"<p style=\"padding-left: 40px;\">ACTUALIZACI\u00d3N DEL 26\/10 a las 14:00 h: \u00a1Se ha restablecido el servicio! Estamos muy agradecidos y orgullosos de contar con un equipo tan incre\u00edble que responde a los cortes de servicio. Gracias a los miembros del equipo de OPALCO por el arduo trabajo.<\/p>\n<p>&nbsp;<\/p>\n<p style=\"padding-left: 40px;\">12:00 p. m.: Los equipos est\u00e1n trabajando para restablecer el suministro el\u00e9ctrico en algunas secciones. El suministro el\u00e9ctrico en False Bay se ha restablecido, pero todav\u00eda est\u00e1n trabajando en las \u00e1reas y postes restantes. Gracias por su paciencia, los equipos est\u00e1n trabajando lo m\u00e1s r\u00e1pido que pueden para restablecer el suministro el\u00e9ctrico a todos.<\/p>\n<p>&nbsp;<\/p>\n<p style=\"padding-left: 40px;\">10:00 am: Los equipos siguen trabajando para reemplazar los 7 postes ca\u00eddos. Nuestros equipos trabajan las 24 horas del d\u00eda, los 7 d\u00edas de la semana, en todas las condiciones clim\u00e1ticas y est\u00e1n trabajando lo m\u00e1s r\u00e1pido posible para restablecer la energ\u00eda. Contin\u00fae d\u00e1ndoles espacio para realizar este trabajo y evite detenerse en los sitios para que el trabajo pueda continuar sin interrupciones.<\/p>\n<p>&nbsp;<\/p>\n<p style=\"padding-left: 40px;\">8:45 am: El equipo est\u00e1 trabajando para reemplazar 7 postes debido al da\u00f1o causado por los \u00e1rboles y el fuerte viento. D\u00e9nles espacio para realizar este trabajo y eviten detenerse en los sitios para que el trabajo pueda continuar sin interrupciones. Continuaremos actualizando esta informaci\u00f3n cada hora o a medida que llegue nueva informaci\u00f3n.<\/p>\n<p>&nbsp;<\/p>\n<p style=\"padding-left: 40px;\">7:45 am: Actualmente, hay 2 secciones de la l\u00ednea que han sido derribadas por \u00e1rboles debido a los fuertes vientos de anoche. Los equipos de la isla de San Juan han estado respondiendo al primer corte de energ\u00eda y hay m\u00e1s equipos en camino desde otras islas para ayudar a restaurar el segundo. Es probable que este corte dure m\u00e1s de 4 horas. Habr\u00e1 m\u00e1s actualizaciones aqu\u00ed a medida que lleguen.<\/p>\n<p style=\"padding-left: 40px;\">6:35 am. Corte de energ\u00eda en la isla de San Juan. El equipo est\u00e1 trabajando para restablecer el servicio despu\u00e9s de los fuertes vientos de anoche. No hay un tiempo estimado de restauraci\u00f3n.<\/p>","protected":false},"excerpt":{"rendered":"<p>ACTUALIZACI\u00d3N DEL 26\/10 a las 2:00 p. m.: \u00a1Se ha restablecido el servicio! Estamos muy agradecidos y orgullosos de contar con un equipo tan incre\u00edble que responde a los cortes de servicio. Gracias al equipo de OPALCO... <a class=\"co-blog_post--morelink\" href=\"https:\/\/www.opalco.com\/es\/evento\/10-26-corte-de-energia-en-la-isla-de-san-juan\/\" aria-label=\"Leer m\u00e1s sobre: 26\/10 Corte de luz en la isla de San Juan\">Leer m\u00e1s<\/a><\/p>","protected":false},"author":34,"featured_media":22284,"template":"","meta":{"_acf_changed":false,"_searchwp_excluded":"","_tribe_events_status":"","_tribe_events_status_reason":"","_tribe_events_is_hybrid":"","_tribe_events_is_virtual":"","_tribe_events_virtual_video_source":"","_tribe_events_virtual_embed_video":"","_tribe_events_virtual_linked_button_text":"","_tribe_events_virtual_linked_button":"","_tribe_events_virtual_show_embed_at":"","_tribe_events_virtual_show_embed_to":[],"_tribe_events_virtual_show_on_event":"","_tribe_events_virtual_show_on_views":"","_tribe_events_virtual_url":"","footnotes":""},"tags":[],"tribe_events_cat":[632],"class_list":["post-22279","tribe_events","type-tribe_events","status-publish","has-post-thumbnail","hentry","tribe_events_cat-unplanned-outage","cat_unplanned-outage"],"acf":[],"yoast_head":"<!-- This site is optimized with the Yoast SEO plugin v27.2 - https:\/\/yoast.com\/product\/yoast-seo-wordpress\/ -->\n<title>10\/26 San Juan Island outage - OPALCO<\/title>\n<meta name=\"robots\" content=\"index, follow, max-snippet:-1, max-image-preview:large, max-video-preview:-1\" \/>\n<link rel=\"canonical\" href=\"https:\/\/www.opalco.com\/es\/evento\/10-26-corte-de-energia-en-la-isla-de-san-juan\/\" \/>\n<meta property=\"og:locale\" content=\"es_ES\" \/>\n<meta property=\"og:type\" content=\"article\" \/>\n<meta property=\"og:title\" content=\"10\/26 San Juan Island outage - OPALCO\" \/>\n<meta property=\"og:description\" content=\"10\/26 UPDATE at 2:00 pm: This outage has been restored! We are so thankful and proud to have such an awesome crew responding to outages. Thank you to OPALCO crew &hellip; Read more\" \/>\n<meta property=\"og:url\" content=\"https:\/\/www.opalco.com\/es\/evento\/10-26-corte-de-energia-en-la-isla-de-san-juan\/\" \/>\n<meta property=\"og:site_name\" content=\"OPALCO\" \/>\n<meta property=\"article:publisher\" content=\"https:\/\/www.facebook.com\/orcaspower\" \/>\n<meta property=\"article:modified_time\" content=\"2024-10-26T21:14:56+00:00\" \/>\n<meta property=\"og:image\" content=\"https:\/\/www.opalco.com\/wp-content\/uploads\/2024\/10\/10.26-noew-pole-scaled.jpg\" \/>\n\t<meta property=\"og:image:width\" content=\"1920\" \/>\n\t<meta property=\"og:image:height\" content=\"2560\" \/>\n\t<meta property=\"og:image:type\" content=\"image\/jpeg\" \/>\n<meta name=\"twitter:card\" content=\"summary_large_image\" \/>\n<meta name=\"twitter:site\" content=\"@orcaspower\" \/>\n<meta name=\"twitter:label1\" content=\"Est. reading time\" \/>\n\t<meta name=\"twitter:data1\" content=\"2 minutos\" \/>\n<script type=\"application\/ld+json\" class=\"yoast-schema-graph\">{\"@context\":\"https:\/\/schema.org\",\"@graph\":[{\"@type\":\"WebPage\",\"@id\":\"https:\/\/www.opalco.com\/event\/10-26-san-juan-island-outage\/\",\"url\":\"https:\/\/www.opalco.com\/event\/10-26-san-juan-island-outage\/\",\"name\":\"10\/26 San Juan Island outage - OPALCO\",\"isPartOf\":{\"@id\":\"https:\/\/www.opalco.com\/#website\"},\"primaryImageOfPage\":{\"@id\":\"https:\/\/www.opalco.com\/event\/10-26-san-juan-island-outage\/#primaryimage\"},\"image\":{\"@id\":\"https:\/\/www.opalco.com\/event\/10-26-san-juan-island-outage\/#primaryimage\"},\"thumbnailUrl\":\"https:\/\/www.opalco.com\/wp-content\/uploads\/2024\/10\/10.26-noew-pole-scaled.jpg\",\"datePublished\":\"2024-10-26T13:37:49+00:00\",\"dateModified\":\"2024-10-26T21:14:56+00:00\",\"breadcrumb\":{\"@id\":\"https:\/\/www.opalco.com\/event\/10-26-san-juan-island-outage\/#breadcrumb\"},\"inLanguage\":\"es-ES\",\"potentialAction\":[{\"@type\":\"ReadAction\",\"target\":[\"https:\/\/www.opalco.com\/event\/10-26-san-juan-island-outage\/\"]}]},{\"@type\":\"ImageObject\",\"inLanguage\":\"es-ES\",\"@id\":\"https:\/\/www.opalco.com\/event\/10-26-san-juan-island-outage\/#primaryimage\",\"url\":\"https:\/\/www.opalco.com\/wp-content\/uploads\/2024\/10\/10.26-noew-pole-scaled.jpg\",\"contentUrl\":\"https:\/\/www.opalco.com\/wp-content\/uploads\/2024\/10\/10.26-noew-pole-scaled.jpg\",\"width\":1920,\"height\":2560,\"caption\":\"new pole\"},{\"@type\":\"BreadcrumbList\",\"@id\":\"https:\/\/www.opalco.com\/event\/10-26-san-juan-island-outage\/#breadcrumb\",\"itemListElement\":[{\"@type\":\"ListItem\",\"position\":1,\"name\":\"Home\",\"item\":\"https:\/\/www.opalco.com\/\"},{\"@type\":\"ListItem\",\"position\":2,\"name\":\"Events\",\"item\":\"https:\/\/www.opalco.com\/events\/\"},{\"@type\":\"ListItem\",\"position\":3,\"name\":\"10\/26 San Juan Island outage\"}]},{\"@type\":\"WebSite\",\"@id\":\"https:\/\/www.opalco.com\/#website\",\"url\":\"https:\/\/www.opalco.com\/\",\"name\":\"OPALCO\",\"description\":\"Orcas Power &amp; Light Co-op\",\"publisher\":{\"@id\":\"https:\/\/www.opalco.com\/#organization\"},\"potentialAction\":[{\"@type\":\"SearchAction\",\"target\":{\"@type\":\"EntryPoint\",\"urlTemplate\":\"https:\/\/www.opalco.com\/?s={search_term_string}\"},\"query-input\":{\"@type\":\"PropertyValueSpecification\",\"valueRequired\":true,\"valueName\":\"search_term_string\"}}],\"inLanguage\":\"es-ES\"},{\"@type\":\"Organization\",\"@id\":\"https:\/\/www.opalco.com\/#organization\",\"name\":\"Orcas Power & Light Cooperative\",\"url\":\"https:\/\/www.opalco.com\/\",\"logo\":{\"@type\":\"ImageObject\",\"inLanguage\":\"es-ES\",\"@id\":\"https:\/\/www.opalco.com\/#\/schema\/logo\/image\/\",\"url\":\"https:\/\/www.opalco.com\/wp-content\/uploads\/2015\/10\/09-full-color-logo.jpg\",\"contentUrl\":\"https:\/\/www.opalco.com\/wp-content\/uploads\/2015\/10\/09-full-color-logo.jpg\",\"width\":788,\"height\":624,\"caption\":\"Orcas Power & Light Cooperative\"},\"image\":{\"@id\":\"https:\/\/www.opalco.com\/#\/schema\/logo\/image\/\"},\"sameAs\":[\"https:\/\/www.facebook.com\/orcaspower\",\"https:\/\/x.com\/orcaspower\"]}]}<\/script>\n<!-- \/ Yoast SEO plugin. -->","yoast_head_json":{"title":"26\/10 Corte de luz en la isla de San Juan - OPALCO","robots":{"index":"index","follow":"follow","max-snippet":"max-snippet:-1","max-image-preview":"max-image-preview:large","max-video-preview":"max-video-preview:-1"},"canonical":"https:\/\/www.opalco.com\/es\/evento\/10-26-corte-de-energia-en-la-isla-de-san-juan\/","og_locale":"es_ES","og_type":"article","og_title":"10\/26 San Juan Island outage - OPALCO","og_description":"10\/26 UPDATE at 2:00 pm: This outage has been restored! We are so thankful and proud to have such an awesome crew responding to outages. Thank you to OPALCO crew &hellip; Read more","og_url":"https:\/\/www.opalco.com\/es\/evento\/10-26-corte-de-energia-en-la-isla-de-san-juan\/","og_site_name":"OPALCO","article_publisher":"https:\/\/www.facebook.com\/orcaspower","article_modified_time":"2024-10-26T21:14:56+00:00","og_image":[{"width":1920,"height":2560,"url":"https:\/\/www.opalco.com\/wp-content\/uploads\/2024\/10\/10.26-noew-pole-scaled.jpg","type":"image\/jpeg"}],"twitter_card":"summary_large_image","twitter_site":"@orcaspower","twitter_misc":{"Est. reading time":"2 minutos"},"schema":{"@context":"https:\/\/schema.org","@graph":[{"@type":"WebPage","@id":"https:\/\/www.opalco.com\/event\/10-26-san-juan-island-outage\/","url":"https:\/\/www.opalco.com\/event\/10-26-san-juan-island-outage\/","name":"26\/10 Corte de luz en la isla de San Juan - OPALCO","isPartOf":{"@id":"https:\/\/www.opalco.com\/#website"},"primaryImageOfPage":{"@id":"https:\/\/www.opalco.com\/event\/10-26-san-juan-island-outage\/#primaryimage"},"image":{"@id":"https:\/\/www.opalco.com\/event\/10-26-san-juan-island-outage\/#primaryimage"},"thumbnailUrl":"https:\/\/www.opalco.com\/wp-content\/uploads\/2024\/10\/10.26-noew-pole-scaled.jpg","datePublished":"2024-10-26T13:37:49+00:00","dateModified":"2024-10-26T21:14:56+00:00","breadcrumb":{"@id":"https:\/\/www.opalco.com\/event\/10-26-san-juan-island-outage\/#breadcrumb"},"inLanguage":"es-ES","potentialAction":[{"@type":"ReadAction","target":["https:\/\/www.opalco.com\/event\/10-26-san-juan-island-outage\/"]}]},{"@type":"ImageObject","inLanguage":"es-ES","@id":"https:\/\/www.opalco.com\/event\/10-26-san-juan-island-outage\/#primaryimage","url":"https:\/\/www.opalco.com\/wp-content\/uploads\/2024\/10\/10.26-noew-pole-scaled.jpg","contentUrl":"https:\/\/www.opalco.com\/wp-content\/uploads\/2024\/10\/10.26-noew-pole-scaled.jpg","width":1920,"height":2560,"caption":"new pole"},{"@type":"BreadcrumbList","@id":"https:\/\/www.opalco.com\/event\/10-26-san-juan-island-outage\/#breadcrumb","itemListElement":[{"@type":"ListItem","position":1,"name":"Home","item":"https:\/\/www.opalco.com\/"},{"@type":"ListItem","position":2,"name":"Events","item":"https:\/\/www.opalco.com\/events\/"},{"@type":"ListItem","position":3,"name":"10\/26 San Juan Island outage"}]},{"@type":"WebSite","@id":"https:\/\/www.opalco.com\/#website","url":"https:\/\/www.opalco.com\/","name":"OPALCO","description":"Cooperativa de energ\u00eda y luz Orcas","publisher":{"@id":"https:\/\/www.opalco.com\/#organization"},"potentialAction":[{"@type":"SearchAction","target":{"@type":"EntryPoint","urlTemplate":"https:\/\/www.opalco.com\/?s={search_term_string}"},"query-input":{"@type":"PropertyValueSpecification","valueRequired":true,"valueName":"search_term_string"}}],"inLanguage":"es-ES"},{"@type":"Organization","@id":"https:\/\/www.opalco.com\/#organization","name":"Cooperativa de energ\u00eda y luz Orcas","url":"https:\/\/www.opalco.com\/","logo":{"@type":"ImageObject","inLanguage":"es-ES","@id":"https:\/\/www.opalco.com\/#\/schema\/logo\/image\/","url":"https:\/\/www.opalco.com\/wp-content\/uploads\/2015\/10\/09-full-color-logo.jpg","contentUrl":"https:\/\/www.opalco.com\/wp-content\/uploads\/2015\/10\/09-full-color-logo.jpg","width":788,"height":624,"caption":"Orcas Power & Light Cooperative"},"image":{"@id":"https:\/\/www.opalco.com\/#\/schema\/logo\/image\/"},"sameAs":["https:\/\/www.facebook.com\/orcaspower","https:\/\/x.com\/orcaspower"]}]}},"_links":{"self":[{"href":"https:\/\/www.opalco.com\/es\/wp-json\/wp\/v2\/tribe_events\/22279","targetHints":{"allow":["GET"]}}],"collection":[{"href":"https:\/\/www.opalco.com\/es\/wp-json\/wp\/v2\/tribe_events"}],"about":[{"href":"https:\/\/www.opalco.com\/es\/wp-json\/wp\/v2\/types\/tribe_events"}],"author":[{"embeddable":true,"href":"https:\/\/www.opalco.com\/es\/wp-json\/wp\/v2\/users\/34"}],"version-history":[{"count":8,"href":"https:\/\/www.opalco.com\/es\/wp-json\/wp\/v2\/tribe_events\/22279\/revisions"}],"predecessor-version":[{"id":22288,"href":"https:\/\/www.opalco.com\/es\/wp-json\/wp\/v2\/tribe_events\/22279\/revisions\/22288"}],"wp:featuredmedia":[{"embeddable":true,"href":"https:\/\/www.opalco.com\/es\/wp-json\/wp\/v2\/media\/22284"}],"wp:attachment":[{"href":"https:\/\/www.opalco.com\/es\/wp-json\/wp\/v2\/media?parent=22279"}],"wp:term":[{"taxonomy":"post_tag","embeddable":true,"href":"https:\/\/www.opalco.com\/es\/wp-json\/wp\/v2\/tags?post=22279"},{"taxonomy":"tribe_events_cat","embeddable":true,"href":"https:\/\/www.opalco.com\/es\/wp-json\/wp\/v2\/tribe_events_cat?post=22279"}],"curies":[{"name":"gracias","href":"https:\/\/api.w.org\/{rel}","templated":true}]}}

<p style="padding-left: 40px;">ACTUALIZACIÓN DEL 26/10 a las 14:00 h: ¡Se ha restablecido el servicio! Estamos muy agradecidos y orgullosos de contar con un equipo tan increíble que responde a los cortes de servicio. Gracias a los miembros del equipo de OPALCO por el arduo trabajo.</p>
<p>&nbsp;</p>
<p style="padding-left: 40px;">12:00 p. m.: Los equipos están trabajando para restablecer el suministro eléctrico en algunas secciones. El suministro eléctrico en False Bay se ha restablecido, pero todavía están trabajando en las áreas y postes restantes. Gracias por su paciencia, los equipos están trabajando lo más rápido que pueden para restablecer el suministro eléctrico a todos.</p>
<p>&nbsp;</p>
<p style="padding-left: 40px;">10:00 am: Los equipos siguen trabajando para reemplazar los 7 postes caídos. Nuestros equipos trabajan las 24 horas del día, los 7 días de la semana, en todas las condiciones climáticas y están trabajando lo más rápido posible para restablecer la energía. Continúe dándoles espacio para realizar este trabajo y evite detenerse en los sitios para que el trabajo pueda continuar sin interrupciones.</p>
<p>&nbsp;</p>
<p style="padding-left: 40px;">8:45 am: El equipo está trabajando para reemplazar 7 postes debido al daño causado por los árboles y el fuerte viento. Dénles espacio para realizar este trabajo y eviten detenerse en los sitios para que el trabajo pueda continuar sin interrupciones. Continuaremos actualizando esta información cada hora o a medida que llegue nueva información.</p>
<p>&nbsp;</p>
<p style="padding-left: 40px;">7:45 am: Actualmente, hay 2 secciones de la línea que han sido derribadas por árboles debido a los fuertes vientos de anoche. Los equipos de la isla de San Juan han estado respondiendo al primer corte de energía y hay más equipos en camino desde otras islas para ayudar a restaurar el segundo. Es probable que este corte dure más de 4 horas. Habrá más actualizaciones aquí a medida que lleguen.</p>
<p style="padding-left: 40px;">6:35 am. Corte de energía en la isla de San Juan. El equipo está trabajando para restablecer el servicio después de los fuertes vientos de anoche. No hay un tiempo estimado de restauración.</p>

<p>ACTUALIZACIÓN DEL 26/10 a las 2:00 p. m.: ¡Se ha restablecido el servicio! Estamos muy agradecidos y orgullosos de contar con un equipo tan increíble que responde a los cortes de servicio. Gracias al equipo de OPALCO... <a class="co-blog_post--morelink" href="https://www.opalco.com/es/evento/10-26-corte-de-energia-en-la-isla-de-san-juan/" aria-label="Leer más sobre: 26/10 Corte de luz en la isla de San Juan">Leer más</a></p>

Cooperativa de energía y luz Orcas
